{"id":14,"date":"2021-11-05T12:53:58","date_gmt":"2021-11-05T12:53:58","guid":{"rendered":"https:\/\/latvijasfoto.lv\/direktoriju\/?post_type=product&#038;p=14"},"modified":"2021-11-05T17:12:30","modified_gmt":"2021-11-05T17:12:30","slug":"nikon-z-9","status":"publish","type":"product","link":"https:\/\/latvijasfoto.lv\/direktoriju\/toode\/nikon-z-9\/","title":{"rendered":"Nikon Z 9"},"content":{"rendered":"<p>Z 9 ir noz\u012bm\u012bgs posms gan Nikon, gan profesion\u0101l\u0101s fotograf\u0113\u0161anas jom\u0101. Bezspogu\u013ca kamerai ir jauns, Nikon in\u017eenieru izstr\u0101d\u0101ts 45,7 MP pilna kadra CMOS sensors un \u012bpa\u0161i \u0101trs EXPEED 7 procesors. Tai ir Nikon l\u012bdz \u0161im vismodern\u0101k\u0101 autom\u0101tisk\u0101 fokusa sist\u0113ma un 3D izseko\u0161ana, klas\u0113 lab\u0101k\u0101s video iesp\u0113jas, izcils elektronisk\u0101 skatu mekl\u0113t\u0101ja displejs, \u0101trums l\u012bdz 120 kadriem sekund\u0113 ar pilnu autom\u0101tisko fokusu un ekspoz\u012bcijas m\u0113r\u012b\u0161anu u. tml.<\/p>\n<div><b><span lang=\"LV\">Z 9 galven\u0101s funkcijas<\/span><\/b><\/div>\n<div>\n<div><i><span lang=\"LV\">Klas\u0113 lab\u0101k\u0101 autom\u0101tisk\u0101s fokus\u0113\u0161anas un izseko\u0161anas veiktsp\u0113ja.<\/span><\/i><\/div>\n<\/div>\n<div>\n<div><span lang=\"LV\">493 punktu autom\u0101tisk\u0101s fokus\u0113\u0161anas sist\u0113ma iek\u013cauj 405 autom\u0101tisk\u0101s zonas AF punktus \u2014 piecreiz vair\u0101k nek\u0101 Z 7 II, un 10 AF zonas re\u017e\u012bmi \u013cauj lietot\u0101jiem pilnveidot AF iestat\u012bjumus jebkuram darbam. Savuk\u0101rt dzi\u013c\u0101s m\u0101c\u012b\u0161an\u0101s m\u0101ksl\u012bgais intelekts nodro\u0161ina vismodern\u0101ko vienlaic\u012bgu\u00a0<\/span>l\u012bdz pat devi\u0146u da\u017e\u0101du objektu veidu noteik\u0161anu<span lang=\"LV\">. Tas tiek apvienots ar<\/span>3D izseko\u0161anu \u2014 pirmo reizi Nikon bezspogu\u013ca kameru kl\u0101st\u0101\u00a0<span lang=\"LV\">\u2014<\/span><span lang=\"LV\">, lai \u013cautu iem\u016b\u017ein\u0101t katru svar\u012bg\u0101ko mirkli. Z 9 izstr\u0101d\u0101t\u0101ji saprot, kas tiek <\/span><span lang=\"LV\">fotograf\u0113ts, un kamera<\/span><\/div>\n<div><span lang=\"LV\"> uzreiz\u00a0<\/span>rea\u0123\u0113 uz objekta poz\u012bcijas, orient\u0101cijas vai \u0101truma izmai\u0146\u0101m \u2014 no cilv\u0113kiem un to sejas vaibstiem l\u012bdz dz\u012bvniekiem un transportl\u012bdzek\u013ciem.<\/div>\n<\/div>\n<div><\/div>\n<div>\n<div><i><span lang=\"LV\">Jaunas video iesp\u0113jas<\/span><\/i><\/div>\n<\/div>\n<div>\n<p>Z 9 neticam\u0101 att\u0113lveido\u0161anas jauda \u013cauj lietot\u0101jiem kamer\u0101 ierakst\u012bt izsmalcin\u0101tus pilnkadra 8K 24 l\u012bdz 60p un 4K 24 l\u012bdz 120p video un <em>time-lapse<\/em> filmas. 8K videoierakstus ar \u0101trumu 30p var ierakst\u012bt l\u012bdz pat aptuveni 125 min\u016bt\u0113m vien\u0101 reiz\u0113, tas ir visliel\u0101kais ilgums bezspogu\u013ca kamer\u0101m. Turkl\u0101t kamera ir sader\u012bga ar ProRes 422 HQ ierakst\u012b\u0161anas form\u0101tu, kas dro\u0161i atbilst visda\u017e\u0101d\u0101kaj\u0101m video ra\u017eo\u0161anas pras\u012bb\u0101m. Gaid\u0101mais programmaparat\u016bras atjaunin\u0101jums \u013caus ierakst\u012bt <em>RAW <\/em>8K video \u012bpa\u0161i vienm\u0113r\u012bg\u0101 60p kvalit\u0101t\u0113. Pieejama piln\u012bga AF un autom\u0101tisk\u0101s ekspoz\u012bcijas (AE), un acu uztver\u0161anas AF atbalsta film\u0113\u0161ana, jo Nikon jaunais N-RAW form\u0101ts \u013cauj mazin\u0101t dat\u0146u izm\u0113rus.<\/p>\n<div><i><span lang=\"LV\">Jaud\u012bgs <\/span><span lang=\"LV\">\u0101trums<\/span><\/i><\/div>\n<\/div>\n<div>Uz\u0146emiet fotogr\u0101fijas vair\u0101k nek\u0101 1000\u00a0kadru pilnas iz\u0161\u0137irtsp\u0113jas <em>RAW <\/em>form\u0101t\u0101 ar \u0101trumu 20\u00a0kadri sekund\u0113 vien\u0101 s\u0113rij\u0101. Jaunaj\u0101 C+ re\u017e\u012bm\u0101 ir iesp\u0113jams ar\u012b uz\u0146emt l\u012bdz 120 kadriem sekund\u0113 ar aptuveni 11\u00a0MP att\u0113lu JPEG norm\u0101l\u0101 kvalit\u0101t\u0113 ar pilnu AF\/AE atbalstu. Pasaul\u0113 \u0101tr\u0101kais sken\u0113\u0161anas \u0101trums praktiski nov\u0113r\u0161 sl\u012bdo\u0161\u0101 sl\u0113d\u017ea izkrop\u013cojumus l\u012bdz t\u0101dam l\u012bmenim, ka meh\u0101niskais aizvars ir likvid\u0113ts. 1\/32000 aizvara \u0101trums apvienojum\u0101 ar kameras iesp\u0113ju fotograf\u0113t ar ISO 64 nodro\u0161ina neticamu lauka dzi\u013cumu pat \u012bpa\u0161i spilgtas gaismas apst\u0101k\u013cos.<\/div>\n<div><\/div>\n<div>\n<div><i><span lang=\"LV\">Past\u0101v\u012bga redzam\u012bba re\u0101llaik\u0101<\/span><\/i><\/div>\n<div>Z 9 ir apr\u012bkots ar spilgt\u0101ko (3000\u00a0nit) elektronisk\u0101 skatu mekl\u0113t\u0101ja displeju ar divpl\u016bsmu tehnolo\u0123iju, kas vienm\u0113r nodro\u0161ina dz\u012bv\u012bgu fotogr\u0101fiju uz\u0146em\u0161anu bez aptum\u0161o\u0161anas, lai fotogr\u0101fi nekad nepalaistu gar\u0101m nevienu mirkli. Z 9 displejs nodro\u0161ina patiesi nep\u0101rtrauktu re\u0101llaika att\u0113lu, tas noz\u012bm\u0113, ka lietot\u0101js redz\u0113s, ja fotograf\u0113jamais objekts kustas vai fotograf\u0113jamaj\u0101 ain\u0101 ir vismaz\u0101k\u0101s izmai\u0146as.<\/div>\n<div><i><span lang=\"LV\"><br \/>\nErgonomika un iztur\u012bba<\/span><\/i><\/div>\n<\/div>\n<div><span lang=\"LV\">V\u0113l viens Nikon jaunums: Z 9 ir apr\u012bkots ar \u010detrasu vertik\u0101l\u0101s un horizont\u0101l\u0101s nolieces monitoru, kas \u013cauj fotogr\u0101fiem <\/span><span lang=\"LV\">piel\u0101goties mirklim ar \u0101tru un elast\u012bgu kadr\u0113\u0161anu.<\/span><\/div>\n<div>\n<p><span lang=\"LV\"> Kameras ergonomika, piem\u0113ram,\u00a0<\/span>pogu izk\u0101rtojums, ir pilnveidota un uzlabota, \u0146emot v\u0113r\u0101 profesion\u0101lu fotogr\u0101fu ieteikumus.<\/p>\n<\/div>\n<div><span lang=\"LV\">Savuk\u0101rt t\u0101 iztur\u012bba ir liel\u0101ka nek\u0101 D6, nodro\u0161inot, ka lietot\u0101ji var iem\u016b\u017ein\u0101t visu pat skarbos apst\u0101k\u013cos. <\/span><\/div>\n<div><span lang=\"LV\"><br \/>\nJaun\u0101 AF re\u017e\u012bma poga \u013cauj lietot\u0101jiem p\u0101rsl\u0113gt AF re\u017e\u012bmu un AF apgabala re\u017e\u012bmu fotograf\u0113\u0161anu ar skatu mekl\u0113t\u0101ju, savuk\u0101rt aug\u0161\u0113jais un aizmugur\u0113jais LCD vad\u012bbas panelis un galven\u0101s pogas tiek izgaismotas, nospie\u017eot iesl\u0113g\u0161anas sl\u0113dzi, lai tums\u0101 viegli var\u0113tu main\u012bt iestat\u012bjumus.<\/span><\/div>\n","protected":false},"excerpt":{"rendered":"<div>\n<div><span lang=\"LV\">Z 9 ir m\u016bsu l\u012bdz \u0161im modern\u0101k\u0101 kamera. T\u0101 p\u0101rsp\u0113j visu \u0161obr\u012bd pieejamo.\u00a0<\/span>Tikai da\u017eas kameras patiesi maina aktualit\u0101tes, ta\u010du \u0161\u012b noteikti ir viena no t\u0101m. Pateicoties Z 9 neparastajai apstr\u0101des sp\u0113jai, \u0101trumam, m\u0101ksl\u012bg\u0101 intelekta tehnolo\u0123ij\u0101m un ergonomikai, fotogr\u0101fi var p\u0101rvar\u0113t ar apgaismojumu, objektiem un apk\u0101rt\u0113jo vidi saist\u012btas probl\u0113mas k\u0101 v\u0113l nekad agr\u0101k. Izmantojot kameras tehnisk\u0101s iesp\u0113jas, profesion\u0101\u013ci var\u0113s sasniegt jaunu l\u012bmeni.<\/div>\n<\/div>\n","protected":false},"featured_media":15,"comment_status":"open","ping_status":"closed","template":"","meta":{"spay_email":""},"product_cat":[17],"product_tag":[18],"class_list":{"0":"post-14","1":"product","2":"type-product","3":"status-publish","4":"has-post-thumbnail","6":"product_cat-bezspogula-kamera","7":"product_tag-bezspogula-kamera"},"yoast_head":"<!-- This site is optimized with the Yoast SEO Premium plugin v17.5 (Yoast SEO v17.6) - https:\/\/yoast.com\/wordpress\/plugins\/seo\/ -->\n<meta name=\"description\" content=\"Nikon in\u017eenieru izstr\u0101d\u0101ts 45,7 MP pilna kadra CMOS sensors un \u012bpa\u0161i \u0101trs EXPEED 7 procesors. 8K 24 l\u012bdz 60p, 4K 24 l\u012bdz 120p, time-lapse.\" \/>\n<meta name=\"robots\" content=\"index, follow, max-snippet:-1, max-image-preview:large, max-video-preview:-1\" \/>\n<link rel=\"canonical\" href=\"https:\/\/latvijasfoto.lv\/direktoriju\/toode\/nikon-z-9\/\" \/>\n<meta property=\"og:locale\" content=\"et_EE\" \/>\n<meta property=\"og:type\" content=\"article\" \/>\n<meta property=\"og:title\" content=\"Nikon Z 9\" \/>\n<meta property=\"og:description\" content=\"Nikon in\u017eenieru izstr\u0101d\u0101ts 45,7 MP pilna kadra CMOS sensors un \u012bpa\u0161i \u0101trs EXPEED 7 procesors. 8K 24 l\u012bdz 60p, 4K 24 l\u012bdz 120p, time-lapse.\" \/>\n<meta property=\"og:url\" content=\"https:\/\/latvijasfoto.lv\/direktoriju\/toode\/nikon-z-9\/\" \/>\n<meta property=\"og:site_name\" content=\"Latvijas Foto\" \/>\n<meta property=\"article:modified_time\" content=\"2021-11-05T17:12:30+00:00\" \/>\n<meta property=\"og:image\" content=\"https:\/\/latvijasfoto.lv\/direktoriju\/wp-content\/uploads\/2021\/11\/Nikon_Z9_Body.png\" \/>\n\t<meta property=\"og:image:width\" content=\"1560\" \/>\n\t<meta property=\"og:image:height\" content=\"1252\" \/>\n<meta name=\"twitter:card\" content=\"summary_large_image\" \/>\n<meta name=\"twitter:label1\" content=\"Est. reading time\" \/>\n\t<meta name=\"twitter:data1\" content=\"4 minutit\" \/>\n<script type=\"application\/ld+json\" class=\"yoast-schema-graph\">{\"@context\":\"https:\/\/schema.org\",\"@graph\":[{\"@type\":\"WebSite\",\"@id\":\"https:\/\/latvijasfoto.lv\/direktoriju\/#website\",\"url\":\"https:\/\/latvijasfoto.lv\/direktoriju\/\",\"name\":\"Latvijas Foto\",\"description\":\"Fotogr\\u0101fijas t\\u0113mas\",\"potentialAction\":[{\"@type\":\"SearchAction\",\"target\":{\"@type\":\"EntryPoint\",\"urlTemplate\":\"https:\/\/latvijasfoto.lv\/direktoriju\/?s={search_term_string}\"},\"query-input\":\"required name=search_term_string\"}],\"inLanguage\":\"et\"},{\"@type\":\"ImageObject\",\"@id\":\"https:\/\/latvijasfoto.lv\/direktoriju\/toode\/nikon-z-9\/#primaryimage\",\"inLanguage\":\"et\",\"url\":\"https:\/\/latvijasfoto.lv\/direktoriju\/wp-content\/uploads\/2021\/11\/Nikon_Z9_Body.png\",\"contentUrl\":\"https:\/\/latvijasfoto.lv\/direktoriju\/wp-content\/uploads\/2021\/11\/Nikon_Z9_Body.png\",\"width\":1560,\"height\":1252,\"caption\":\"Nikon-Z-9-Body\"},{\"@type\":\"WebPage\",\"@id\":\"https:\/\/latvijasfoto.lv\/direktoriju\/toode\/nikon-z-9\/#webpage\",\"url\":\"https:\/\/latvijasfoto.lv\/direktoriju\/toode\/nikon-z-9\/\",\"name\":\"Nikon Z 9 - Latvijas Foto\",\"isPartOf\":{\"@id\":\"https:\/\/latvijasfoto.lv\/direktoriju\/#website\"},\"primaryImageOfPage\":{\"@id\":\"https:\/\/latvijasfoto.lv\/direktoriju\/toode\/nikon-z-9\/#primaryimage\"},\"datePublished\":\"2021-11-05T12:53:58+00:00\",\"dateModified\":\"2021-11-05T17:12:30+00:00\",\"description\":\"Nikon in\\u017eenieru izstr\\u0101d\\u0101ts 45,7 MP pilna kadra CMOS sensors un \\u012bpa\\u0161i \\u0101trs EXPEED 7 procesors. 8K 24 l\\u012bdz 60p, 4K 24 l\\u012bdz 120p, time-lapse.\",\"breadcrumb\":{\"@id\":\"https:\/\/latvijasfoto.lv\/direktoriju\/toode\/nikon-z-9\/#breadcrumb\"},\"inLanguage\":\"et\",\"potentialAction\":[{\"@type\":\"ReadAction\",\"target\":[\"https:\/\/latvijasfoto.lv\/direktoriju\/toode\/nikon-z-9\/\"]}]},{\"@type\":\"BreadcrumbList\",\"@id\":\"https:\/\/latvijasfoto.lv\/direktoriju\/toode\/nikon-z-9\/#breadcrumb\",\"itemListElement\":[{\"@type\":\"ListItem\",\"position\":1,\"name\":\"Home\",\"item\":\"https:\/\/latvijasfoto.lv\/direktoriju\/\"},{\"@type\":\"ListItem\",\"position\":2,\"name\":\"Pood\",\"item\":\"https:\/\/latvijasfoto.lv\/direktoriju\/pood\/\"},{\"@type\":\"ListItem\",\"position\":3,\"name\":\"Nikon Z 9\"}]}]}<\/script>\n<!-- \/ Yoast SEO Premium plugin. -->","yoast_head_json":{"description":"Nikon in\u017eenieru izstr\u0101d\u0101ts 45,7 MP pilna kadra CMOS sensors un \u012bpa\u0161i \u0101trs EXPEED 7 procesors. 8K 24 l\u012bdz 60p, 4K 24 l\u012bdz 120p, time-lapse.","robots":{"index":"index","follow":"follow","max-snippet":"max-snippet:-1","max-image-preview":"max-image-preview:large","max-video-preview":"max-video-preview:-1"},"canonical":"https:\/\/latvijasfoto.lv\/direktoriju\/toode\/nikon-z-9\/","og_locale":"et_EE","og_type":"article","og_title":"Nikon Z 9","og_description":"Nikon in\u017eenieru izstr\u0101d\u0101ts 45,7 MP pilna kadra CMOS sensors un \u012bpa\u0161i \u0101trs EXPEED 7 procesors. 8K 24 l\u012bdz 60p, 4K 24 l\u012bdz 120p, time-lapse.","og_url":"https:\/\/latvijasfoto.lv\/direktoriju\/toode\/nikon-z-9\/","og_site_name":"Latvijas Foto","article_modified_time":"2021-11-05T17:12:30+00:00","og_image":[{"width":1560,"height":1252,"url":"https:\/\/latvijasfoto.lv\/direktoriju\/wp-content\/uploads\/2021\/11\/Nikon_Z9_Body.png","type":"image\/png"}],"twitter_card":"summary_large_image","twitter_misc":{"Est. reading time":"4 minutit"},"schema":{"@context":"https:\/\/schema.org","@graph":[{"@type":"WebSite","@id":"https:\/\/latvijasfoto.lv\/direktoriju\/#website","url":"https:\/\/latvijasfoto.lv\/direktoriju\/","name":"Latvijas Foto","description":"Fotogr\u0101fijas t\u0113mas","potentialAction":[{"@type":"SearchAction","target":{"@type":"EntryPoint","urlTemplate":"https:\/\/latvijasfoto.lv\/direktoriju\/?s={search_term_string}"},"query-input":"required name=search_term_string"}],"inLanguage":"et"},{"@type":"ImageObject","@id":"https:\/\/latvijasfoto.lv\/direktoriju\/toode\/nikon-z-9\/#primaryimage","inLanguage":"et","url":"https:\/\/latvijasfoto.lv\/direktoriju\/wp-content\/uploads\/2021\/11\/Nikon_Z9_Body.png","contentUrl":"https:\/\/latvijasfoto.lv\/direktoriju\/wp-content\/uploads\/2021\/11\/Nikon_Z9_Body.png","width":1560,"height":1252,"caption":"Nikon-Z-9-Body"},{"@type":"WebPage","@id":"https:\/\/latvijasfoto.lv\/direktoriju\/toode\/nikon-z-9\/#webpage","url":"https:\/\/latvijasfoto.lv\/direktoriju\/toode\/nikon-z-9\/","name":"Nikon Z 9 - Latvijas Foto","isPartOf":{"@id":"https:\/\/latvijasfoto.lv\/direktoriju\/#website"},"primaryImageOfPage":{"@id":"https:\/\/latvijasfoto.lv\/direktoriju\/toode\/nikon-z-9\/#primaryimage"},"datePublished":"2021-11-05T12:53:58+00:00","dateModified":"2021-11-05T17:12:30+00:00","description":"Nikon in\u017eenieru izstr\u0101d\u0101ts 45,7 MP pilna kadra CMOS sensors un \u012bpa\u0161i \u0101trs EXPEED 7 procesors. 8K 24 l\u012bdz 60p, 4K 24 l\u012bdz 120p, time-lapse.","breadcrumb":{"@id":"https:\/\/latvijasfoto.lv\/direktoriju\/toode\/nikon-z-9\/#breadcrumb"},"inLanguage":"et","potentialAction":[{"@type":"ReadAction","target":["https:\/\/latvijasfoto.lv\/direktoriju\/toode\/nikon-z-9\/"]}]},{"@type":"BreadcrumbList","@id":"https:\/\/latvijasfoto.lv\/direktoriju\/toode\/nikon-z-9\/#breadcrumb","itemListElement":[{"@type":"ListItem","position":1,"name":"Home","item":"https:\/\/latvijasfoto.lv\/direktoriju\/"},{"@type":"ListItem","position":2,"name":"Pood","item":"https:\/\/latvijasfoto.lv\/direktoriju\/pood\/"},{"@type":"ListItem","position":3,"name":"Nikon Z 9"}]}]}},"_links":{"self":[{"href":"https:\/\/latvijasfoto.lv\/direktoriju\/wp-json\/wp\/v2\/product\/14","targetHints":{"allow":["GET"]}}],"collection":[{"href":"https:\/\/latvijasfoto.lv\/direktoriju\/wp-json\/wp\/v2\/product"}],"about":[{"href":"https:\/\/latvijasfoto.lv\/direktoriju\/wp-json\/wp\/v2\/types\/product"}],"replies":[{"embeddable":true,"href":"https:\/\/latvijasfoto.lv\/direktoriju\/wp-json\/wp\/v2\/comments?post=14"}],"wp:featuredmedia":[{"embeddable":true,"href":"https:\/\/latvijasfoto.lv\/direktoriju\/wp-json\/wp\/v2\/media\/15"}],"wp:attachment":[{"href":"https:\/\/latvijasfoto.lv\/direktoriju\/wp-json\/wp\/v2\/media?parent=14"}],"wp:term":[{"taxonomy":"product_cat","embeddable":true,"href":"https:\/\/latvijasfoto.lv\/direktoriju\/wp-json\/wp\/v2\/product_cat?post=14"},{"taxonomy":"product_tag","embeddable":true,"href":"https:\/\/latvijasfoto.lv\/direktoriju\/wp-json\/wp\/v2\/product_tag?post=14"}],"curies":[{"name":"wp","href":"https:\/\/api.w.org\/{rel}","templated":true}]}}